Let p be ((-4)/(-7))/(4/14). Suppose p*y - 24 = -4. Suppose c + y - 21 = 0. List the prime factors of c.
11
What are the prime factors of (-240)/(-9)*(-9)/(-2)?
2, 3, 5
Let c(b) = b**3 - 4*b**2 + 5. Let f be c(4). Let p(g) = -f*g + 8 + 3*g + g + 0*g. What are the prime factors of p(-7)?
3, 5
Suppose -10*j = -14*j. What are the prime factors of (j - 0) + 20/4?
5
Let x = -63 - -239. List the prime factors of x.
2, 11
Let t = 11 - 8. Suppose 4*z + 3*h = -t, h = 3*z + 4*h + 3. Let a = 2 + z. List the prime factors of a.
2
Let p be -2 + -1 + 1 - -3. Suppose 0*l + l = -p. What are the prime factors of (-56)/(-16)*(l + 3)?
7
Let s be 867/5 - 3/(-5). Suppose 4*h - s + 50 = 0. List the prime factors of h.
31
Let f(q) = q**2 + 13*q + 8. What are the prime factors of f(-14)?
2, 11
Let s = 60 - 16. List the prime factors of s.
2, 11
Let s be (-4)/(-2) - (-1 - -3). Let t = s + 2. List the prime factors of t.
2
Suppose -5*v + 5*d + 10 = 0, -2*d + 10 = 5*v - 5*d. Suppose v*b - 12 = -t - 0*t, 5 = b. What are the prime factors of t?
2
Let g(m) = m**2 + m + 77. Let w be g(0). Suppose 4*f - w = -29. What are the prime factors of f?
2, 3
Let v be 0 - 3*19/3. Let r = v - -39. Suppose 0*x = 2*x - z - r, -10 = 5*z. What are the prime factors of x?
3
Let f be 2 - -2*2/4. Let q(u) = -6*u + u**2 + 9*u**2 + 15*u + u**f + 5 + 4. List the prime factors of q(-9).
3
Let z be (-86)/(-4) + (-4)/(-8). Let d be -26*1/(-1 - 1). Let m = z - d. What are the prime factors of m?
3
Let m(x) = 58*x - 17. What are the prime factors of m(3)?
157
Let y = 2 + -5. Let t be (3/y - 0)*-2. Suppose 0 = -6*f + t*f + 28. What are the prime factors of f?
7
Suppose -h - p = -6*p + 13, -2*p + 2 = -2*h. List the prime factors of (0 - h) + (3 - -5).
2, 3
Suppose -2*b + 5*b - 231 = 0. Let k = 129 - b. List the prime factors of k.
2, 13
Let c be (-168)/(-44) + 4/22. Suppose c = h - 3. Let i(j) = -j + 11. List the prime factors of i(h).
2
Suppose -11 + 34 = n. Suppose -4*q = -n - 5. List the prime factors of q.
7
Let v be 24/(-9)*6/(-4). Let m(d) = 2*d - 3. Let l be m(v). Suppose 2*a - l*a + 42 = 0. List the prime factors of a.
2, 7
Let x be (-10)/(-15)*(-198)/(-4). Let n = -12 + x. What are the prime factors of n?
3, 7
Suppose 3*m + y + 5 = -0*y, -14 = 4*m + 5*y. Let g = m - -2. Let r = g - -1. What are the prime factors of r?
2
Suppose -4*q + 0*q + 9 = 3*o, o - 5 = -2*q. Suppose s + q*d + 8 = 3*s, 0 = 3*s - 3*d - 9. What are the prime factors of 3*s - (6 - 8)?
5
List the prime factors of 2 + (-1)/((-2)/68).
2, 3
Suppose 4*z = 25 - 5. Suppose -3*s + n = -0*n - 32, -2*s + z*n = -43. List the prime factors of s.
3
Let n(a) = 3*a**2 + a. Let k be n(-1). Suppose 4*d - 1 = -2*f + 13, f + 5 = k*d. Suppose -4*o + d = -41. List the prime factors of o.
11
Let z be (-2)/4 + 22/4. Let k = z + -2. List the prime factors of k.
3
Let j(n) = 7*n + 3. Let m be j(-3). Let k be (-50)/4*(-12)/5. Let w = m + k. What are the prime factors of w?
2, 3
What are the prime factors of 11*4/(4/5)?
5, 11
Let t = -99 - -113. List the prime factors of t.
2, 7
Let u = -21 - -37. Let k = -9 + u. List the prime factors of k.
7
Let x = 5 - -3. Suppose -2*v = 1 - 9, -5*y + 3*v = -x. Suppose -y*a + 38 = -2*a. List the prime factors of a.
19
Suppose -5*g + 16 = -4. Suppose -a + 3 = -g*a - v, a = -5*v - 15. Suppose a = 7*o - 3*o - 16. List the prime factors of o.
2
Suppose 2*c = 5*c - 234. List the prime factors of c.
2, 3, 13
Let r(i) = -12*i + 2. Let w be r(-2). Let p = w + 0. List the prime factors of p.
2, 13
Suppose c - 1 - 2 = 0. Suppose 4*j = 0, -2*i + i + c*j = -18. What are the prime factors of ((-2)/(-3))/(3/i)?
2
Suppose -4*r = -4*q - 200, 34 = 3*r + 4*q - 123. What are the prime factors of r?
3, 17
Suppose -5*w - 22 = -6*w. List the prime factors of w.
2, 11
Suppose -30 = -l + s, 5*l = l - 4*s + 112. What are the prime factors of l?
29
Let f(y) = y**3 + 8*y**2 + 3*y + 4. Let w = -4 - 3. What are the prime factors of f(w)?
2
Let a(j) be the third derivative of -j**6/120 + 7*j**5/60 + 3*j**4/8 - j**3/2 + 3*j**2. Let r be a(8). Suppose -r*k + 12 = -k. What are the prime factors of k?
3
Let q = 57 + -24. List the prime factors of q.
3, 11
Let f(m) = -5*m**3 - 2*m - 4. What are the prime factors of f(-2)?
2, 5
Let q(f) = -2*f - 8. Let u be q(-6). Suppose -h - u = -1. Let s(p) = p**3 + 4*p**2 + 3*p + 4. What are the prime factors of s(h)?
2
Let d(f) = -f**3 - 9*f**2 - 8*f. List the prime factors of d(-10).
2, 3, 5
Let g(j) = -j - 2. Let m be g(-7). Let f be m + 2*(-1 + 0). Suppose -d = -4*y + 50, f*y - 32 = -2*d - 0*d. What are the prime factors of y?
2, 3
Let h(j) = -j**3 - 6*j**2 + 6*j + 2. Let v be h(-7). Suppose -2*f + 3*f - v = 0. Let d = f - 6. List the prime factors of d.
3
Suppose 6 = 2*g + g. Let o(f) = f + 1 - g*f + 0. List the prime factors of o(-9).
2, 5
Let p be 0 + 7/((-14)/(-12)). Let a = 3 + 1. Suppose 0*s + 2*s + p = -d, 6 = a*d + 2*s. What are the prime factors of d?
2
Let a(b) = 16*b + 2. Let g(f) = 5*f + 1. Let d(t) = 2*a(t) - 7*g(t). Suppose -17 = 4*x - 1. What are the prime factors of d(x)?
3
Let k = 5 - 1. Suppose 4*j + k = 2*p + 26, 0 = 3*j - p - 18. What are the prime factors of j?
7
Let m = 31 + -19. Suppose -15 = -4*b + 5*u + 10, b = 2*u + 10. Suppose g + m = 3*v - b*g, -3*v - 2*g + 12 = 0. What are the prime factors of v?
2
Let s(v) = v**3 - v**2 + v - 2. Let h be s(0). What are the prime factors of (-3)/h + 15/6?
2
Suppose i = -j + 4*j - 814, -822 = -3*j - 3*i. What are the prime factors of j?
2, 17
Let c(i) = i**2 + 3*i - 1. Let n be c(-4). Suppose 16 = s - n. List the prime factors of s.
19
Let i(f) = 5*f + 10 + 0 - 4*f. Let q be i(-7). Suppose v + 4 + 13 = s, s + 3*v + q = 0. What are the prime factors of s?
2, 3
Let f(p) = p. Let k(x) = 10*x - 2. Let g(j) = -5*f(j) + k(j). Suppose 5*b = 3*b + 6. List the prime factors of g(b).
13
Let t be 432/(-15) + (-1)/5. Let l = t - -55. Let g = l - 16. List the prime factors of g.
2, 5
Suppose 0 = 4*n - 5*l + 9 + 3, -12 = -2*n - 2*l. Suppose -4*u = 4*s - 42 - n, s - 2 = 0. What are the prime factors of u?
3
Let r be (-4)/(-6) + (-5)/(-15). Suppose 0 = -4*y + 1 + 7. Suppose q + 0 = 2*a - r, -3*q + 9 = -y*a. What are the prime factors of q?
5
Suppose -4*z = 70 - 754. What are the prime factors of z?
3, 19
Let h = -15 - -35. Let o(q) = -q**3 + 7*q**2 - q - 6. Let z be o(7). Let l = h + z. List the prime factors of l.
7
Suppose 1143 = 10*t - t. List the prime factors of t.
127
Let a(f) = 3*f - 8. Let b be a(4). Let s(n) = -n**3 + 2*n**2 + n. Let k be s(2). Suppose -j = -k*j + b. List the prime factors of j.
2
Suppose -5*t - 4*y = -421 - 171, -t - y = -119. What are the prime factors of t?
2, 29
Let g(c) = -c**2 - 9*c - 6. Let v be (-4)/8 - 78/(-4). Suppose -3*z - v = -2*o, 3*o + 28 = -3*z + 4. What are the prime factors of g(z)?
2
Let m(j) = 10*j - 19. What are the prime factors of m(15)?
131
Let t = -57 + 157. List the prime factors of t.
2, 5
Let v(o) = o**2 + 10*o + 6. List the prime factors of v(-12).
2, 3, 5
Let q be (9 - 0)/(-2 - -1). Let u = q + 13. Let h = 5 + u. List the prime factors of h.
3
Let i(r) = -r + 29. What are the prime factors of i(7)?
2, 11
Suppose -2*g = -s - 37, 3*s - 26 = -3*g + 43. Suppose -2*y + t - 4*t + 10 = 0, 0 = 4*y + 3*t - g. Suppose 0 = -y*c + 4*c + 7. What are the prime factors of c?
7
What are the prime factors of (170/(-25))/(4/(-10))?
17
Let m(c) = 10*c + 10. Let v(p) = -2*p - 2. Let j(a) = 3*m(a) + 14*v(a). What are the prime factors of j(12)?
2, 13
Suppose 5*q + v - 11 = 0, -3*q - 4*v + 8 = -q. Let f = 15 + -11. Suppose f*s - 5 = -m, -12 = -m + 5*s - q*s. What are the prime factors of m?
3
Let y(m) = m**3 + 5*m**2 - 3*m - 7. Let r be y(-5). Let u = r + -5. Suppose 3*g + u = 4*g. What are the prime factors of g?
3
Let w(b) = 3*b**2 - 28*b - 5. List the prime factors of w(11).
2, 5
Let h be -3*(-2 + (-3)/(-3)). Let b(s) = -s**3 + 4*s**2 - s**2 + h*s**3 - 5*s**2 + 3 - 3*s. What are the prime factors of b(2)?
5
Let i(b) = -2*b - 3. Let s be i(0). List the prime factors of (-52)/s - 4/12.
17
Let p(y) = -11*y + 39. What are the prime factors of p(-14)?
193
Let t(h) = 24*h**3. List the prime factors of t(1).
2, 3
Let c(y) be the second derivative of y**4/12 + 7*y**3/6 + 7*y**2/2 + y. What are the prime factors of c(-7)?
7
Let o = 